 by 147/28 + (-2)/8.
3
Let d be 55 + (-1)/(-2)*4. What is the remainder when (0 - 2) + d/3 is divided by 4 + (5 - 4) - -5?
7
Let f be 1*2*(-36)/(-24). Suppose i - 68 = -f*i. Calculate the remainder when 64 is divided by i.
13
Let g(m) = -m**3 + 5*m**2 - 2*m + 5. Let j be g(7). Let d = j + 154. Let z(h) = 9*h + 88. Calculate the remainder when d is divided by z(-7).
22
Let r = 24 - 20. Suppose -123 = -r*y + y. Calculate the remainder when 77 is divided by y.
36
Let n = 4 + 11. Suppose 2*h = -5*l + 30, -n = l - 3*h - 4. What is the remainder when 7 is divided by l?
3
Calculate the remainder when (-19)/(57/618)*-1 is divided by 30.
26
Let l be 4/(-6) + 6647/(-69). Calculate the remainder when 2/(-8) - l/4 is divided by 13.
11
Let g = 348 + -337. Calculate the remainder when 42 is divided by g.
9
Calculate the remainder when 236 is divided by (2/2 + 91)*6/24.
6
Suppose -73 = -3*h + 2*b, h - 3*b = -h + 47. Let r = h + 3. Let p = r - 14. Calculate the remainder when 52 is divided by p.
10
Suppose -5*b = -159 - 26. Suppose 247 = 7*g + b. Suppose -8 = 4*r - 5*r. What is the remainder when g is divided by r?
6
Suppose 5*s - 197 + 22 = 0. Suppose 242 - 233 = c. What is the remainder when s is divided by c?
8
Suppose 936 = 34*q - 10*q. Calculate the remainder when 311 is divided by q.
38
Calculate the remainder when 2/(-1) - 0 - (-22 - 372) is divided by 79.
76
Suppose u = -2*u + 42. Suppose 96 = 157*y - 153*y. Calculate the remainder when y is divided by u.
10
Let x be 5086/14 + 4/(-14). Suppose 127*r = 142*r + 120. Calculate the remainder when x/21 - r/(-28) is divided by 9.
8
Suppose -1297 + 1702 = 9*b. Calculate the remainder when b is divided by 17.
11
Suppose -3*n + 2 = -2*n. Suppose 0 = n*s - 16 - 6. Calculate the remainder when s is divided by 7.
4
Suppose 5*r + 388 = 3*x, 0 = x - 4*r - 133 + 13. Let y = x + 9. Calculate the remainder when y is divided by 37.
34
Let t(u) = -u**3 - 7*u**2 - 4*u - 3. Let k be t(-6). Let i(z) = -z + 21. Calculate the remainder when 105 is divided by i(k).
33
Calculate the remainder when (-222 - 1)/((-24)/3 + 7) is divided by 51.
19
Suppose 24 = 4*t - 8. Calculate the remainder when 20 is divided by 2/t - -86*2/16.
9
Let u = 3 - 3. Suppose 3*i - 364 + 118 = u. Calculate the remainder when i is divided by 21.
19
Let d = -1939 + 1943. What is the remainder when d is divided by 3?
1
Suppose -2*f = 8*f - 340. Let n = 0 - -4. Calculate the remainder when f/4*-5*(-10)/25 is divided by n.
1
Let i(m) be the first derivative of 2*m**2 + 4*m + 7. Let j(c) = -3*c - 1. Let n be j(-3). Calculate the remainder when i(n) is divided by 13.
10
Suppose 2*i + 4 = 2. Let v = 19 - i. Calculate the remainder when 79 is divided by v.
19
Let z(m) = -m**3 - m**2 + m + 6. Suppose k = -3*k. Suppose -2*w + 34 = 2*n, 4*n = 54*w - 53*w - 42. Calculate the remainder when w is divided by z(k).
4
Suppose -2*i = 3 - 11. Suppose -i*t + 90 = t. Suppose 90 - t = 4*h. What is the remainder when h is divided by 5?
3
Suppose p + 23 = 3*j, j + 4*p = -0*j - 1. Let i(g) = 2*g**2 + 37*g + 22. What is the remainder when j is divided by i(-18)?
3
Let o(s) = -10*s - 115. Calculate the remainder when 216 is divided by o(-19).
66
What is the remainder when 569 is divided by (-1 - 6)*320/(-35)?
57
Let f(i) = -i + 136. Let p(g) = -5*g + 679. Let t(w) = 11*f(w) - 2*p(w). Calculate the remainder when t(0) is divided by 20.
18
Let s be (-18)/(-6)*2/3. Suppose 3*t - s = 4. Calculate the remainder when 381/15 + t/(-5) is divided by 9.
7
Let k = -6 + 81. What is the remainder when 24 is divided by (-4 - 1)*5/(k/(-39))?
11
Let i be ((-204)/(-9))/((-1)/(-3)). Let u = 130 - i. What is the remainder when u is divided by (-855)/(-65) + (-2)/13?
10
Suppose 20*z + 9 = 29*z. Calculate the remainder when 7 is divided by z.
0
Let o = -1651 + 2428. What is the remainder when o is divided by 15?
12
Let j(l) = 32*l**3 + 9*l**2 - 14*l + 9. What is the remainder when j(2) is divided by 2/7 + (-640)/(-14)?
43
Suppose -3*r + 139 = 5*h, -4*r + 123 + 14 = 5*h. Suppose -2*k + 286 = 6. Calculate the remainder when h is divided by (-6)/(-4)*k/21.
9
Let i = 422 + -380. Calculate the remainder when 1510 is divided by i.
40
Let x = 56 + -42. Let g(y) = y**2 - 8*y + 15. What is the remainder when g(x) is divided by 20?
19
What is the remainder when ((-46)/42 - -1) + 38260/420 is divided by 27?
10
Suppose -k - 2*q + 118 + 1 = 0, -3*k + 359 = 4*q. What is the remainder when k is divided by 23?
6
Suppose 0 = 2*o + 8, 792 = 2*g - 2*o + 3*o. What is the remainder when g is divided by 19?
18
Suppose 0 = -3*b + 3 - 6. Let q = -423 + 446. Calculate the remainder when q is divided by b/(-4) + (-141)/(-12).
11
Let v = -14 + 26. Suppose -14*g + v*g + 70 = 0. What is the remainder when g is divided by (-14)/(-63) + 158/18?
8
Let u(j) = j**3 - 3*j**2 + 2*j + 3. What is the remainder when 69 is divided by u(3)?
6
Let w = -3601 + 3657. Calculate the remainder when w is divided by 291/15 - 4/10.
18
Suppose 0 = 4*o - 3*u - 655, 3*o - 500 = -9*u + 13*u. What is the remainder when o is divided by 54?
52
Suppose 0 = -5*d - 2*z + 3*z + 1380, -4*z - 1120 = -4*d. Suppose 145*s = 150*s - d. What is the remainder when s is divided by 19?
17
Let h be (-3 + 2/2 - -3)*107. Let n = h - 60. Calculate the remainder when n is divided by 11.
3
Let j(i) = -152*i**2 + 3*i + 1. Let f be j(3). Let x be f/49 + (-4)/14. Calculate the remainder when 8/x + (-93)/(-7) is divided by 8.
5
Suppose 0 = 1363*a - 1375*a + 1104. Calculate the remainder when 189 is divided by a.
5
Suppose y = 3*y. Suppose y = -4*n + q + 532, -2*n + q + 256 = -2*q. Calculate the remainder when n is divided by 27.
26
Let s = -35 + 35. Suppose 135 = 3*w - s*w. Calculate the remainder when w is divided by 12.
9
Calculate the remainder when 151 is divided by (-154)/2*220/(-770).
19
Let b = -7 + 10. Suppose b*j - 36 - 42 = 0. Suppose -v + 46 = -0*y + 2*y, y = -3*v + 148. Calculate the remainder when v is divided by j.
24
Let l = 18 - 16. Let j be ((-16)/(-10))/(l/170). Calculate the remainder when 65 is divided by 1/(((-4)/j)/(-1)).
31
Suppose h + 10 = t + 2*h, -5*t = h - 50. Suppose -t = -d + 20. Calculate the remainder when d is divided by 11.
8
Suppose 2*f - 35 = 5*t, 15 = -f - 6*t + 2*t. Suppose 4*r = -2*l + f*l - 65, 3*l - 2*r - 67 = 0. Calculate the remainder when l is divided by (-15 - 0)*6/(-15).
5
Suppose 5*y - 41 - 50 = 2*t, 5*y = -2*t + 99. Let w = -13 + y. What is the remainder when 142/8 + 12/(-16) is divided by w?
5
What is the remainder when 394 is divided by (-4*4/16)/((-3)/27)?
7
What is the remainder when 65 is divided by 5537/147 + (-1 - (-4)/(-6))?
29
Let h be ((-4)/(-12) - (-2)/3)*-17. Let c(n) = -2*n - 25. What is the remainder when 24 is divided by c(h)?
6
Suppose -193 = -11*j + 27. Calculate the remainder when (-505)/(-13) - (-10)/65 is divided by j.
19
Suppose -5*g = -4*l - 204 + 17, 4*g = 4*l + 148. Let v = 89 + -85. Suppose -n = -r - v - 12, 4*n - 50 = -3*r. What is the remainder when g is divided by n?
11
Let x = 547 - 532. What is the remainder when 493 is divided by x?
13
Let t(x) = -6*x + 50. Calculate the remainder when t(0) is divided by 16.
2
Let v(m) = -80*m - 30. Let i(j) = 5*j**2 - 4*j + 2. What is the remainder when v(-1) is divided by i(2)?
8
Suppose 90 = 3*o + 2*o. Let a = -24 - -77. Suppose 0 - a = -g. What is the remainder when g is divided by o?
17
Let p(x) = -2*x + 1. Let l be p(-3). Suppose -h - c = -9, -3*h = -2*c + l*c - 29. What is the remainder when h is divided by 4/(-6)*(1 + (-18 - -8))?
2
Let f be -1 + (2/((-8)/(-28)) - 3). Let u = 22 - f. Calculate the remainder when u is divided by 15.
4
Let j = 190 + -158. Let y(b) = b**2 - 3*b + 7. What is the remainder when y(-6) is divided by j?
29
Suppose -3*k + 1692 = -2*b - b, k = 0. Let j = 3 + 3. What is the remainder when (-2)/j - b/18 is divided by 17?
14
What is the remainder when (381/18)/((-16)/(-96)) is divided by 46?
35
Suppose 3*a - 286 = -4*j, -a + 28 = -5*j - 61. Calculate the remainder when a is divided by 35.
24
Suppose 17 = -m + 5*w + 65, 0 = -m + 2*w + 39. Calculate the remainder when m is divided by 4/8*26*1.
7
Calculate the remainder when 124 is divided by (-609)/(-18) - 3/((-126)/7).
22
Let y = -26 - -31. Let k = -2 + -2. What is the remainder when y is